{"id":777,"date":"2016-04-08T14:13:42","date_gmt":"2016-04-08T14:13:42","guid":{"rendered":"https:\/\/eoscamaras.com.br\/?page_id=777"},"modified":"2023-11-17T13:42:51","modified_gmt":"2023-11-17T16:42:51","slug":"bomba","status":"publish","type":"page","link":"https:\/\/eos.com.br\/suaempresa\/ferramentas\/para-refrigeracao\/bomba\/","title":{"rendered":"Bomba"},"content":{"rendered":"\n<div class=\"ferramentasList\" style=\"display: inline-block;\">\n<div class=\"size1\">\n<h4>BOMBA TRANSVASAGEM \u00d3LEO MANUAL<\/h4>\n<figure><img src=\"https:\/\/eos.com.br\/suaempresa\/wp-content\/themes\/EOS\/img\/ferramentas\/BOMBA_TRANSVASAGEM_OLEO_MANUAL.jpg\"><\/figure><p><\/p>\n<\/div>\n<div class=\"size1\">\n<h4>BOMBA V\u00c1CUO EOS 1.8 CFM BIV\/60HZ DUPLO EST\u00c1GIO<\/h4>\n<figure><img src=\"https:\/\/eos.com.br\/suaempresa\/wp-content\/uploads\/2023\/11\/BOMBA_VACUO_EOS_18_CFM_BIV-60HZ_DUPLO_ESTAGIO.jpg\"><\/figure><p><\/p>\n<\/div>\n<div class=\"size1 last\">\n<h4>BOMBA V\u00c1CUO EOS 12 CFM BIV\/60HZ DUPLO EST\u00c1GIO<\/h4>\n<figure><img src=\"https:\/\/eos.com.br\/suaempresa\/wp-content\/themes\/EOS\/img\/ferramentas\/BOMBA_VACUO_EOS_12_CFM_BIV-60HZ_DUPLO_ESTAGIO.jpg\"><\/figure><p><\/p>\n<\/div>\n<div class=\"size1\">\n<h4>BOMBA V\u00c1CUO EOS 5 CFM BIV\/60HZ DUPLO EST\u00c1GIO<\/h4>\n<figure><img src=\"https:\/\/eos.com.br\/suaempresa\/wp-content\/themes\/EOS\/img\/ferramentas\/BOMBA_VACUO_EOS_5_CFM_BIV-60HZ_DUPLO_ESTAGIO.jpg\"><\/figure><p><\/p>\n<\/div>\n<div class=\"size1\">\n<h4>BOMBA V\u00c1CUO EOS 5 CFM BIV\/60HZ SIMP. EST\u00c1GIO<\/h4>\n<figure><img src=\"https:\/\/eos.com.br\/suaempresa\/wp-content\/themes\/EOS\/img\/ferramentas\/BOMBA_VACUO_EOS_5CFM_BIV-60HZ_SIMP_ESTAGIO.jpg\"><\/figure><p><\/p>\n<\/div>\n<div class=\"size1 last\">\n<h4>BOMBA V\u00c1CUO EOS 7 CFM BIV\/60HZ DUPLO EST\u00c1GIO<\/h4>\n<figure><img src=\"https:\/\/eos.com.br\/suaempresa\/wp-content\/themes\/EOS\/img\/ferramentas\/BOMBA_VACUO_EOS_7_CFM_BIV-60HZ_DUPLO_ESTAGIO.jpg\"><\/figure><p><\/p>\n<\/div>\n<div class=\"size1\">\n<h4>BOMBA V\u00c1CUO EOS 7 CFM BIV\/60HZ SIMP. EST\u00c1GIO<\/h4>\n<figure><img src=\"https:\/\/eos.com.br\/suaempresa\/wp-content\/themes\/EOS\/img\/ferramentas\/BOMBA_VACUO_EOS_7CFM_BIV-60HZ_SIMP_ESTAGIO.jpg\"><\/figure><p><\/p>\n<\/div>\n<div class=\"size1\">\n<h4>BOMBA V\u00c1CUO EOS 9 CFM BIV\/60HZ SIMP.EST\u00c1GIO<\/h4>\n<figure><img src=\"https:\/\/eos.com.br\/suaempresa\/wp-content\/themes\/EOS\/img\/ferramentas\/BOMBA_VACUO_EOS_9CFM_BIV-60HZ_SIMP_ESTAGIO.jpg\"><\/figure><p><\/p>\n<\/div>\n<div class=\"size1 last\">\n<h4>BOMBA V\u00c1CUO EOS PREMIUM 11 CFM MONO 220\/60HZ DUPLO<\/h4>\n<figure><img src=\"https:\/\/eos.com.br\/suaempresa\/wp-content\/themes\/EOS\/img\/ferramentas\/BOMBA_VACUO_EOS_PREMIUM_11_CFM_MONO_220-60HZ_DUPLO.jpg\"><\/figure><p><\/p>\n<\/div>\n<div class=\"size1\">\n<h4>BOMBA V\u00c1CUO EOS PREMIUM 11 CFM TRIF 220\/60HZ DUPLO<\/h4>\n<figure><img src=\"https:\/\/eos.com.br\/suaempresa\/wp-content\/themes\/EOS\/img\/ferramentas\/BOMBA_VACUO_EOS_PREMIUM_11_CFM_TRIF_220-60HZ_DUPLO.jpg\"><\/figure><p><\/p>\n<\/div>\n<div class=\"size1\">\n<h4>BOMBA V\u00c1CUO EOS PREMIUM 6 CFM BIV\/60HZ DUPLO EST\u00c1GIO<\/h4>\n<figure><img src=\"https:\/\/eos.com.br\/suaempresa\/wp-content\/themes\/EOS\/img\/ferramentas\/BOMBA_VACUO_EOS_PREMIUM_6_CFM_BIV-60HZ_DUPLO_ESTAGIO.jpg\"><\/figure><p><\/p>\n<\/div>\n<div class=\"size1 last\">\n<h4>BOMBA V\u00c1CUO EOS PREMIUM 8 CFM BIV\/60HZ DUPLO EST\u00c1GIO<\/h4>\n<figure><img src=\"https:\/\/eos.com.br\/suaempresa\/wp-content\/themes\/EOS\/img\/ferramentas\/BOMBA_VACUO_EOS_PREMIUM_8_CFM_BIV-60HZ_DUPLO_ESTAGIO.jpg\"><\/figure><p><\/p>\n<\/div>\n<div class=\"size1\">\n<h4>BOMBA V\u00c1CUO EOS PREMIUM INDUSTRIAL 14CFM 6 V\u00c1CUOS SIMULT\u00c2NEOS 220V MONO<\/h4>\n<figure><img src=\"https:\/\/eos.com.br\/suaempresa\/wp-content\/themes\/EOS\/img\/ferramentas\/BOMBA_VACUO_EOS_PREMIUM_INDUSTRIAL_14CFM_6_VACUOS_SIMULTANEOS_220V_MONO.jpg\"><\/figure><p><\/p>\n<\/div>\n<div class=\"size1\">\n<h4>BOMBA V\u00c1CUO EOS PREMIUM INDUSTRIAL 24CFM 6 V\u00c1CUOS SIMULT\u00c2NEOS 220V MONO<\/h4>\n<figure><img src=\"https:\/\/eos.com.br\/suaempresa\/wp-content\/themes\/EOS\/img\/ferramentas\/BOMBA_VACUO_EOS_PREMIUM_INDUSTRIAL_24CFM_6_VACUOS_SIMULTANEOS_220V_MONO.jpg\"><\/figure><p><\/p>\n<\/div>\n<div class=\"size1 last\">\n<h4>BOMBA V\u00c1CUO INDUSTRIAL EOS PREMIUM 17 CFM MONO 220\/60HZ DUPLO<\/h4>\n<figure><img src=\"https:\/\/eos.com.br\/suaempresa\/wp-content\/uploads\/2023\/11\/BOMBA-VACUO-INDUSTRIAL-EOS-PREMIUM-17-CFM-MONO-22060HZ-DUPLO.jpg\"><\/figure><p><\/p>\n<\/div>\n<div class=\"size1\">\n<h4>BOMBA V\u00c1CUO INDUSTRIAL EOS PREMIUM 17 CFM TRIF 220\/60HZ DUPLO<\/h4>\n<figure><img src=\"https:\/\/eos.com.br\/suaempresa\/wp-content\/themes\/EOS\/img\/ferramentas\/BOMBA_VACUO_INDUSTRIAL_EOS_PREMIUM 17_CFM_TRIF-22060-DUP.jpg\"><\/figure><p><\/p>\n<\/div>\n<div class=\"size1\">\n<h4>BOMBA V\u00c1CUO INDUSTRIAL EOS PREMIUM 17 CFM TRIF 380\/60HZ DUPLO<\/h4>\n<figure><img src=\"https:\/\/eos.com.br\/suaempresa\/wp-content\/themes\/EOS\/img\/ferramentas\/BOMBA_VACUO_EOS_PREMIUM_11_CFM_TRIF_220-60HZ_DUPLO.jpg\"><\/figure><p><\/p>\n<\/div>\n<div class=\"size1 last\">\n<h4>BOMBA V\u00c1CUO INDUSTRIAL EOS PREMIUM 21 CFM TRIF 220\/60HZ DUPLO<\/h4>\n<figure><img src=\"https:\/\/eos.com.br\/suaempresa\/wp-content\/themes\/EOS\/img\/ferramentas\/BOMBA_VACUO_INDUSTRIAL_EOS_PREMIUM_21_CFM_TRIF_220-60HZ_DUP.jpg\"><\/figure><p><\/p>\n<\/div>\n<div class=\"size1\">\n<h4>BOMBA V\u00c1CUO INDUSTRIAL EOS PREMIUM 21 CFM TRIF 380\/60HZ DUPLO<\/h4>\n<figure><img src=\"https:\/\/eos.com.br\/suaempresa\/wp-content\/themes\/EOS\/img\/ferramentas\/BOMBA_VACUO INDUSTRIAL_EOS_PREMIUM_21_CFM_TRIF_380-60HZ_DUP.jpg\"><\/figure><p><\/p>\n<\/div>\n<\/div>\n","protected":false},"excerpt":{"rendered":"<p>BOMBA TRANSVASAGEM \u00d3LEO MANUAL BOMBA V\u00c1CUO EOS 1.8 CFM BIV\/60HZ DUPLO EST\u00c1GIO BOMBA V\u00c1CUO EOS 12 CFM BIV\/60HZ DUPLO EST\u00c1GIO BOMBA V\u00c1CUO EOS 5 CFM BIV\/60HZ DUPLO EST\u00c1GIO BOMBA V\u00c1CUO EOS 5 CFM BIV\/60HZ SIMP. EST\u00c1GIO BOMBA V\u00c1CUO EOS 7 CFM BIV\/60HZ DUPLO EST\u00c1GIO BOMBA V\u00c1CUO EOS 7 CFM BIV\/60HZ SIMP. EST\u00c1GIO BOMBA V\u00c1CUO EOS <a class=\"read-more\" href=\"https:\/\/eos.com.br\/suaempresa\/ferramentas\/para-refrigeracao\/bomba\/\">&#8230;read more<\/a><\/p>\n","protected":false},"author":1,"featured_media":0,"parent":325,"menu_order":0,"comment_status":"closed","ping_status":"open","template":"","meta":[],"_links":{"self":[{"href":"https:\/\/eos.com.br\/suaempresa\/wp-json\/wp\/v2\/pages\/777"}],"collection":[{"href":"https:\/\/eos.com.br\/suaempresa\/wp-json\/wp\/v2\/pages"}],"about":[{"href":"https:\/\/eos.com.br\/suaempresa\/wp-json\/wp\/v2\/types\/page"}],"author":[{"embeddable":true,"href":"https:\/\/eos.com.br\/suaempresa\/wp-json\/wp\/v2\/users\/1"}],"replies":[{"embeddable":true,"href":"https:\/\/eos.com.br\/suaempresa\/wp-json\/wp\/v2\/comments?post=777"}],"version-history":[{"count":2,"href":"https:\/\/eos.com.br\/suaempresa\/wp-json\/wp\/v2\/pages\/777\/revisions"}],"predecessor-version":[{"id":2089,"href":"https:\/\/eos.com.br\/suaempresa\/wp-json\/wp\/v2\/pages\/777\/revisions\/2089"}],"up":[{"embeddable":true,"href":"https:\/\/eos.com.br\/suaempresa\/wp-json\/wp\/v2\/pages\/325"}],"wp:attachment":[{"href":"https:\/\/eos.com.br\/suaempresa\/wp-json\/wp\/v2\/media?parent=777"}],"curies":[{"name":"wp","href":"https:\/\/api.w.org\/{rel}","templated":true}]}}