{"id":515,"date":"2015-09-23T13:13:38","date_gmt":"2015-09-23T13:13:38","guid":{"rendered":"https:\/\/eoscamaras.com.br\/?page_id=515"},"modified":"2023-11-17T09:51:21","modified_gmt":"2023-11-17T12:51:21","slug":"hcfc","status":"publish","type":"page","link":"https:\/\/eos.com.br\/suaempresa\/gases-refrigerantes\/hcfc\/","title":{"rendered":"HCFC"},"content":{"rendered":"\n<h3 class=\"title\">HCFC<\/h3>\n\n\n<div class=\"wptabsy wptabsy-69dedbfb25366\" ><ul class=\"wptabsy-nav\"><li><a href=\"#wptabsy-content-1\">Refrigera\u00e7\u00e3o<\/a><\/li><li><a href=\"#wptabsy-content-2\">Automotivos<\/a><\/li><\/ul><div class=\"wptabsy-inner\"><div class=\"wptabsy-content\" id=\"wptabsy-content-1\"><\/p>\n<div class=\"gases-wrap gases-r401a\">\n<div class=\"main\">\n<h4>EOS R-401A<\/h4>\n<p><img src=\"https:\/\/eos.com.br\/suaempresa\/wp-content\/themes\/EOS\/img\/gases\/410A.png\" \/><br \/>\n<a class=\"down-link\" href=\"https:\/\/eos.com.br\/suaempresa\/wp-content\/uploads\/2015\/09\/FISPQ-R-401A.pdf\" target=\"_blank\" rel=\"noopener\">FISPQ<\/a><\/p>\n<\/div>\n<table>\n<tbody>\n<tr>\n<td><span class=\"value\">ASHARE:<\/span>R-401A 22\/152a\/124 (53%\/13%\/34%)<\/td>\n<td><span class=\"value\">Aplica\u00e7\u00e3o:<\/span>Ar condicionado dom\u00e9stico, equipamentos novos.<\/td>\n<\/tr>\n<tr>\n<td><span class=\"value\">Nome comercial:<\/span>EOS 401A<\/td>\n<td rowspan=\"2\"><span class=\"value\">Coment\u00e1rios:<\/span>Desenvolvido para substituir o R22 em equipamentos<\/td>\n<\/tr>\n<tr>\n<td><span class=\"value\">Substituto:<\/span>R22<\/td>\n<\/tr>\n<tr>\n<td><span class=\"value\">Composi\u00e7\u00e3o:<\/span>Blend HCFC\/HFC<\/td>\n<td><span class=\"value\">WGP:<\/span>1183<\/td>\n<\/tr>\n<tr>\n<td><span class=\"value\">Tipo de \u00f3leo:<\/span>Sint\u00e9tico POE\/PVE<\/td>\n<td><span class=\"value\">ODP Toxicidade:<\/span>Zero<\/td>\n<\/tr>\n<\/tbody>\n<\/table>\n<\/div>\n<div class=\"gases-wrap gases-r401b\">\n<div class=\"main\">\n<h4>EOS R-401B<\/h4>\n<p><img src=\"https:\/\/eos.com.br\/suaempresa\/wp-content\/themes\/EOS\/img\/gases\/401B.png\" \/><br \/>\n<!--<a class=\"down-link\" href=\"https:\/\/eos.com.br\/suaempresa\/wp-content\/uploads\/2015\/09\/Ficha-de-Informa\u00e7\u00e3o-401B.pdf\" target=\"_blank\" rel=\"noopener\">ficha de infos.<\/a>--><br \/>\n<a class=\"down-link\" href=\"https:\/\/eos.com.br\/suaempresa\/wp-content\/uploads\/2015\/09\/FISPQ-R-401B.pdf\" target=\"_blank\" rel=\"noopener\">FISPQ<\/a><\/p>\n<\/div>\n<table>\n<tbody>\n<tr>\n<td><span class=\"value\">ASHARE:<\/span>R-401B 22\/152a\/124 (61%\/11%\/15%)<\/td>\n<td><span class=\"value\">Aplica\u00e7\u00e3o:<\/span>Freezers de alta capacidade e transporte refrigerado<\/td>\n<\/tr>\n<tr>\n<td><span class=\"value\">Nome comercial:<\/span>EOS 401B<\/td>\n<td rowspan=\"2\"><span class=\"value\">Coment\u00e1rios:<\/span>Em muitos casos n\u00e3o precisa ser trocado. Alternativa ao R-500 e R-12 em equipamentos da baixa temperatura de evapora\u00e7\u00e3o.<\/td>\n<\/tr>\n<tr>\n<td><span class=\"value\">Substituto:<\/span>R-12\/R-500<\/td>\n<\/tr>\n<tr>\n<td><span class=\"value\">Composi\u00e7\u00e3o:<\/span>Blend HCFC\/HFC<\/td>\n<td><span class=\"value\">WGP:<\/span>1289<\/td>\n<\/tr>\n<tr>\n<td><span class=\"value\">Tipo de \u00f3leo:<\/span>Alkybenzeno POE\/PVE e \u00f3leo mineral<\/td>\n<td><span class=\"value\">ODP Toxicidade:<\/span>0,036<\/td>\n<\/tr>\n<\/tbody>\n<\/table>\n<\/div>\n<div class=\"gases-wrap gases-r409a\">\n<div class=\"main\">\n<h4>EOS R-409A<\/h4>\n<p><img src=\"https:\/\/eos.com.br\/suaempresa\/wp-content\/themes\/EOS\/img\/gases\/409A.png\" \/><br \/>\n<a class=\"down-link\" href=\"https:\/\/eos.com.br\/suaempresa\/wp-content\/uploads\/2015\/09\/Ficha-de-Informa\u00e7\u00e3o-409A.pdf\" target=\"_blank\" rel=\"noopener\">ficha de infos.<\/a><br \/>\n<a class=\"down-link\" href=\"https:\/\/eos.com.br\/suaempresa\/wp-content\/uploads\/2015\/09\/FISPQ-R-409A.pdf\" target=\"_blank\" rel=\"noopener\">FISPQ<\/a><\/p>\n<\/div>\n<table>\n<tbody>\n<tr>\n<td><span class=\"value\">ASHARE:<\/span>R-409A 22\/124\/142b (60%\/25%\/15%)<\/td>\n<td><span class=\"value\">Aplica\u00e7\u00e3o:<\/span>Balc\u00f5es frigor\u00edficos<\/td>\n<\/tr>\n<tr>\n<td><span class=\"value\">Nome comercial:<\/span>EOS 409A<\/td>\n<td rowspan=\"2\"><span class=\"value\">Coment\u00e1rios:<\/span>Excelente alternativa na substitui\u00e7\u00e3o do R-22<\/td>\n<\/tr>\n<tr>\n<td><span class=\"value\">Substituto:<\/span>R-12<\/td>\n<\/tr>\n<tr>\n<td><span class=\"value\">Composi\u00e7\u00e3o:<\/span>Blend HCFC\/HFC<\/td>\n<td><span class=\"value\">WGP:<\/span>1585<\/td>\n<\/tr>\n<tr>\n<td><span class=\"value\">Tipo de \u00f3leo:<\/span>Alkybenzeno POE\/PVE<\/td>\n<td><span class=\"value\">ODP Toxicidade:<\/span>0,05<\/td>\n<\/tr>\n<\/tbody>\n<\/table>\n<\/div>\n<div class=\"gases-wrap gases-r402a\">\n<div class=\"main\">\n<h4>EOS R-402A<\/h4>\n<p><img src=\"https:\/\/eos.com.br\/suaempresa\/wp-content\/themes\/EOS\/img\/gases\/402A.png\" \/><br \/>\n<a class=\"down-link\" href=\"https:\/\/eos.com.br\/suaempresa\/wp-content\/uploads\/2015\/09\/Ficha-de-Informa\u00e7\u00e3o-402A.pdf\" target=\"_blank\" rel=\"noopener\">ficha de infos.<\/a><br \/>\n<a class=\"down-link\" href=\"https:\/\/eos.com.br\/suaempresa\/wp-content\/uploads\/2015\/09\/FISPQ-R-402A.pdf\" target=\"_blank\" rel=\"noopener\">FISPQ<\/a><\/p>\n<\/div>\n<table>\n<tbody>\n<tr>\n<td><span class=\"value\">ASHARE:<\/span>R-402A 125\/290\/22 (60%\/2%\/38%)<\/td>\n<td><span class=\"value\">Aplica\u00e7\u00e3o:<\/span>Refrigera\u00e7\u00e3o Comercial e industrial, retrovit m\u00e9dia e temperatura baixa<\/td>\n<\/tr>\n<tr>\n<td><span class=\"value\">Nome comercial:<\/span>EOS 402A<\/td>\n<td rowspan=\"2\"><span class=\"value\">Coment\u00e1rios:<\/span>Utiliza para retrofit do R-502. Press\u00e3o de descarga maior que R-502. Utiliza \u00f3leo sint\u00e9tico ou mistura AB\/MO com AB&gt;50%<\/td>\n<\/tr>\n<tr>\n<td><span class=\"value\">Substituto:<\/span>R-502<\/td>\n<\/tr>\n<tr>\n<td><span class=\"value\">Composi\u00e7\u00e3o:<\/span>Blend HFC\/HC\/HCFC<\/td>\n<td><span class=\"value\">WGP:<\/span>2788<\/td>\n<\/tr>\n<tr>\n<td><span class=\"value\">Tipo de \u00f3leo:<\/span>Alkybenzeno POE\/PVE<\/td>\n<td><span class=\"value\">ODP Toxicidade:<\/span>0,019<\/td>\n<\/tr>\n<\/tbody>\n<\/table>\n<\/div>\n<div class=\"gases-wrap gases-r402b\">\n<div class=\"main\">\n<h4>EOS R-402B<\/h4>\n<p><img src=\"https:\/\/eos.com.br\/suaempresa\/wp-content\/themes\/EOS\/img\/gases\/402B.png\" \/><br \/>\n<!--<a class=\"down-link\" href=\"https:\/\/eos.com.br\/suaempresa\/wp-content\/uploads\/2015\/09\/Ficha-de-Informa\u00e7\u00e3o-402B.pdf\" target=\"_blank\" rel=\"noopener\">ficha de infos.<\/a>--><br \/>\n<a class=\"down-link\" href=\"https:\/\/eos.com.br\/suaempresa\/wp-content\/uploads\/2015\/09\/FISPQ-R-402B.pdf\" target=\"_blank\" rel=\"noopener\">FISPQ<\/a><\/p>\n<\/div>\n<table>\n<tbody>\n<tr>\n<td><span class=\"value\">ASHARE:<\/span>R-402B 125\/290\/22 (38%\/2%\/60%)<\/td>\n<td><span class=\"value\">Aplica\u00e7\u00e3o:<\/span>Refrigera\u00e7\u00e3o Comercial e industrial, utilizando com fluido refrigerante em algumas m\u00e1quinas de gelo.<\/td>\n<\/tr>\n<tr>\n<td><span class=\"value\">Nome comercial:<\/span>EOS 402B<\/td>\n<td rowspan=\"2\"><span class=\"value\">Coment\u00e1rios:<\/span>Possui temperatura de descarga mais baixa que o R502, o que pode prolongar a vida do compressor<\/td>\n<\/tr>\n<tr>\n<td><span class=\"value\">Substituto:<\/span>R-502<\/td>\n<\/tr>\n<tr>\n<td><span class=\"value\">Composi\u00e7\u00e3o:<\/span>Blend HFC\/HC\/HCFC<\/td>\n<td><span class=\"value\">WGP:<\/span>2416<\/td>\n<\/tr>\n<tr>\n<td><span class=\"value\">Tipo de \u00f3leo:<\/span>Alkybenzeno POE\/PVE<\/td>\n<td><span class=\"value\">ODP Toxicidade:<\/span>0,019<\/td>\n<\/tr>\n<\/tbody>\n<\/table>\n<\/div>\n<div class=\"gases-wrap gases-r408a\">\n<div class=\"main\">\n<h4>EOS R-408A<\/h4>\n<p><img src=\"https:\/\/eos.com.br\/suaempresa\/wp-content\/themes\/EOS\/img\/gases\/408A.png\" \/><br \/>\n<a class=\"down-link\" href=\"https:\/\/eos.com.br\/suaempresa\/wp-content\/uploads\/2015\/09\/Ficha-de-Informa\u00e7\u00e3o-408A.pdf\" target=\"_blank\" rel=\"noopener\">ficha de infos.<\/a><br \/>\n<a class=\"down-link\" href=\"https:\/\/eos.com.br\/suaempresa\/wp-content\/uploads\/2015\/09\/FISPQ-R-408A.pdf\" target=\"_blank\" rel=\"noopener\">FISPQ<\/a><\/p>\n<\/div>\n<table>\n<tbody>\n<tr>\n<td><span class=\"value\">ASHARE:<\/span>R-408A 25\/143a\/22 (7%\/46%\/47%)<\/td>\n<td><span class=\"value\">Aplica\u00e7\u00e3o:<\/span>Refrigera\u00e7\u00e3o comercial<\/td>\n<\/tr>\n<tr>\n<td><span class=\"value\">Nome comercial:<\/span>EOS 408A<\/td>\n<td rowspan=\"2\"><span class=\"value\">Coment\u00e1rios:<\/span>Utilizado com retrofit do R502 para equipamentos de refrigera\u00e7\u00e3o j\u00e1 existentes de baixas e m\u00e9dias temperaturas de evapora\u00e7\u00e3o<\/td>\n<\/tr>\n<tr>\n<td><span class=\"value\">Substituto:<\/span>R-502<\/td>\n<\/tr>\n<tr>\n<td><span class=\"value\">Composi\u00e7\u00e3o:<\/span>Blend HFC\/HCFC<\/td>\n<td><span class=\"value\">WGP:<\/span>3152<\/td>\n<\/tr>\n<tr>\n<td><span class=\"value\">Tipo de \u00f3leo:<\/span>Alkybenzeno POE\/PVE<\/td>\n<td><span class=\"value\">ODP Toxicidade:<\/span>0,024<\/td>\n<\/tr>\n<\/tbody>\n<\/table>\n<\/div>\n<div class=\"gases-wrap gases-r22\">\n<div class=\"main\">\n<h4>EOS R-22<\/h4>\n<p><img src=\"https:\/\/eos.com.br\/suaempresa\/wp-content\/themes\/EOS\/img\/gases\/422.png\" \/><br \/>\n<a class=\"down-link\" href=\"https:\/\/eos.com.br\/suaempresa\/wp-content\/uploads\/2015\/09\/FISPQ-R-22.pdf\" target=\"_blank\" rel=\"noopener\">FISPQ<\/a><\/p>\n<\/div>\n<table>\n<tbody>\n<tr>\n<td><span class=\"value\">ASHARE:<\/span>R-22<\/td>\n<td><span class=\"value\">Aplica\u00e7\u00e3o:<\/span>C\u00e2maras Frigor\u00edficas e Condicionamento de Ar<\/td>\n<\/tr>\n<tr>\n<td><span class=\"value\">Nome comercial:<\/span>EOS R-22<\/td>\n<td rowspan=\"2\"><span class=\"value\">Coment\u00e1rios:<\/span>Normalmente \u00e9 utilizado em Condicionamento de Ar<\/td>\n<\/tr>\n<tr>\n<td><span class=\"value\">Substituto:<\/span>n\/a<\/td>\n<\/tr>\n<tr>\n<td><span class=\"value\">Composi\u00e7\u00e3o:<\/span>HCFC Clorodifluormetano<\/td>\n<td><span class=\"value\">WGP:<\/span>2729<\/td>\n<\/tr>\n<tr>\n<td><span class=\"value\">Tipo de \u00f3leo:<\/span>Mineral \/ Alquibenzeno<\/td>\n<td><span class=\"value\">ODP Toxicidade:<\/span>Patente HON<\/td>\n<\/tr>\n<\/tbody>\n<\/table>\n<\/div>\n<p><\/div><div class=\"wptabsy-content\" id=\"wptabsy-content-2\"><\/p>\n<div class=\"gases-wrap gases-r134a\">\n<div class=\"main\">\n<h4>EOS R-134A<\/h4>\n<p><img src=\"https:\/\/eos.com.br\/suaempresa\/wp-content\/themes\/EOS\/img\/gases\/134A.png\" \/><br \/>\n<a class=\"down-link\" href=\"https:\/\/eos.com.br\/suaempresa\/wp-content\/uploads\/2023\/11\/Ficha-de-Informacao-134A.pdf\" target=\"_blank\" rel=\"noopener\">ficha de infos.<\/a><br \/>\n<a class=\"down-link\" href=\"https:\/\/eos.com.br\/suaempresa\/wp-content\/uploads\/2015\/09\/FISPQ-R-134a.pdf\" target=\"_blank\" rel=\"noopener\">FISPQ<\/a><\/p>\n<\/div>\n<table>\n<tbody>\n<tr>\n<td><span class=\"value\">ASHARE:<\/span>R-134A<\/td>\n<td><span class=\"value\">Aplica\u00e7\u00e3o:<\/span>Funciona como substituto R-12 (Utilizar \u00f3leo sint\u00e9tico)<\/td>\n<\/tr>\n<tr>\n<td><span class=\"value\">Nome comercial:<\/span>EOS 134A<\/td>\n<td rowspan=\"2\"><span class=\"value\">Coment\u00e1rios:<\/span>Substitui o R-12<\/td>\n<\/tr>\n<tr>\n<td><span class=\"value\">Substituto:<\/span>R-12<\/td>\n<\/tr>\n<tr>\n<td><span class=\"value\">Composi\u00e7\u00e3o:<\/span>Blend HFC<\/td>\n<td><span class=\"value\">WGP:<\/span>1430<\/td>\n<\/tr>\n<tr>\n<td><span class=\"value\">Tipo de \u00f3leo:<\/span>Poli\u00e9ster PVE<\/td>\n<td><span class=\"value\">ODP Toxicidade:<\/span>Zero<\/td>\n<\/tr>\n<\/tbody>\n<\/table>\n<\/div>\n<div class=\"gases-wrap gases-r134a\">\n<div class=\"main\">\n<h4>EOS R-134A+UV<\/h4>\n<p><img src=\"https:\/\/eos.com.br\/suaempresa\/wp-content\/themes\/EOS\/img\/gases\/134A.png\" \/><\/p>\n<\/div>\n<table>\n<tbody>\n<tr>\n<td><span class=\"value\">ASHARE:<\/span>R-134A<\/td>\n<td><span class=\"value\">Aplica\u00e7\u00e3o:<\/span>Funciona como substituto R-12 (Utilizar \u00f3leo sint\u00e9tico)<\/td>\n<\/tr>\n<tr>\n<td><span class=\"value\">Nome comercial:<\/span>EOS 134a+UV<\/td>\n<td rowspan=\"2\"><span class=\"value\">Coment\u00e1rios:<\/span>G\u00e1s 134a + Pigmento ultra violeta que ajuda a localizar mais rapidamente vazamentos de g\u00e1s.<\/td>\n<\/tr>\n<tr>\n<td><span class=\"value\">Substituto:<\/span>R-12<\/td>\n<\/tr>\n<tr>\n<td><span class=\"value\">Composi\u00e7\u00e3o:<\/span>Blend HFC<\/td>\n<td><span class=\"value\">WGP:<\/span>1430<\/td>\n<\/tr>\n<tr>\n<td><span class=\"value\">Tipo de \u00f3leo:<\/span>Poli\u00e9ster PVE<\/td>\n<td><span class=\"value\">ODP Toxicidade:<\/span>Zero<\/td>\n<\/tr>\n<\/tbody>\n<\/table>\n<\/div>\n<p><\/div><\/div><\/div>\n\n\n\n<p><\/p>\n","protected":false},"excerpt":{"rendered":"<p>HCFC<\/p>\n","protected":false},"author":1,"featured_media":0,"parent":30,"menu_order":0,"comment_status":"closed","ping_status":"open","template":"template-gases.php","meta":[],"_links":{"self":[{"href":"https:\/\/eos.com.br\/suaempresa\/wp-json\/wp\/v2\/pages\/515"}],"collection":[{"href":"https:\/\/eos.com.br\/suaempresa\/wp-json\/wp\/v2\/pages"}],"about":[{"href":"https:\/\/eos.com.br\/suaempresa\/wp-json\/wp\/v2\/types\/page"}],"author":[{"embeddable":true,"href":"https:\/\/eos.com.br\/suaempresa\/wp-json\/wp\/v2\/users\/1"}],"replies":[{"embeddable":true,"href":"https:\/\/eos.com.br\/suaempresa\/wp-json\/wp\/v2\/comments?post=515"}],"version-history":[{"count":3,"href":"https:\/\/eos.com.br\/suaempresa\/wp-json\/wp\/v2\/pages\/515\/revisions"}],"predecessor-version":[{"id":2085,"href":"https:\/\/eos.com.br\/suaempresa\/wp-json\/wp\/v2\/pages\/515\/revisions\/2085"}],"up":[{"embeddable":true,"href":"https:\/\/eos.com.br\/suaempresa\/wp-json\/wp\/v2\/pages\/30"}],"wp:attachment":[{"href":"https:\/\/eos.com.br\/suaempresa\/wp-json\/wp\/v2\/media?parent=515"}],"curies":[{"name":"wp","href":"https:\/\/api.w.org\/{rel}","templated":true}]}}